 (base 6) to base 4
-21012
Convert 10 (base 2) to base 10.
2
-3675 (base 9) to base 14
-ddb
What is -1671 (base 9) in base 13?
-775
What is 2310 (base 4) in base 14?
cc
What is -63f (base 16) in base 10?
-1599
1286 (base 9) to base 4
33021
22332 (base 8) to base 11
70a7
What is 2020 (base 4) in base 16?
88
Convert -2a01a (base 11) to base 15.
-c95d
Convert -581 (base 9) to base 3.
-122201
What is 514 (base 12) in base 8?
1340
-3123113 (base 4) to base 12
-815b
-29925 (base 11) to base 14
-1162d
-112121 (base 4) to base 11
-1093
What is -1254 (base 6) in base 3?
-102221
What is 210 (base 7) in base 13?
81
-11210 (base 10) to base 6
-123522
Convert 11010011011010 (base 2) to base 12.
79b6
What is 4233 (base 6) in base 14?
4c5
Convert 1db (base 14) to base 6.
1445
Convert 10603 (base 11) to base 2.
11110000001010
What is 31110 (base 7) in base 12?
4496
Convert 188 (base 9) to base 8.
241
What is -101011110001 (base 2) in base 10?
-2801
What is -102 (base 12) in base 2?
-10010010
What is 2335 (base 10) in base 16?
91f
What is 397 (base 14) in base 9?
881
122210 (base 3) to base 15
220
Convert 131003 (base 7) to base 14.
8c3a
8a3 (base 14) to base 12
ba7
Convert 1288 (base 11) to base 6.
11421
443 (base 5) to base 13
96
Convert -111001010010110 (base 2) to base 8.
-71226
173 (base 12) to base 16
e7
a40 (base 16) to base 8
5100
What is -2002020 (base 3) in base 2?
-10111101110
27a5 (base 12) to base 2
1000111101101
Convert -25c6 (base 14) to base 3.
-100010000
Convert -14778 (base 11) to base 13.
-9686
What is 2445 (base 6) in base 13?
377
Convert -db0 (base 14) to base 2.
-101010001110
24126 (base 7) to base 8
14143
What is -23232 (base 5) in base 9?
-2280
Convert 6569 (base 12) to base 8.
25641
-1202101 (base 3) to base 11
-a63
What is -1cce (base 15) in base 8?
-14175
-3565 (base 10) to base 9
-4801
What is 210012 (base 4) in base 6?
14410
Convert -434 (base 13) to base 2.
-1011001111
-976 (base 10) to base 15
-451
-424413 (base 5) to base 10
-14358
What is -29891 (base 10) in base 14?
-ac71
Convert -2852 (base 10) to base 8.
-5444
-213 (base 16) to base 7
-1356
Convert -2210 (base 7) to base 6.
-3355
31223 (base 6) to base 9
5666
Convert 10222201 (base 3) to base 8.
5534
Convert 10001110101 (base 2) to base 11.
948
What is -62 (base 13) in base 11?
-73
Convert 34121 (base 5) to base 6.
15055
Convert -10650 (base 15) to base 6.
-1040550
What is 120120021 (base 3) in base 9?
16507
5d2 (base 14) to base 7
3252
What is 2c6 (base 14) in base 15?
27b
20021 (base 3) to base 16
a9
133513 (base 7) to base 10
25294
-10495 (base 10) to base 8
-24377
Convert 667 (base 12) to base 8.
1657
What is -10b5 (base 13) in base 6?
-14505
What is -2303202 (base 4) in base 8?
-26342
Convert 10300 (base 4) to base 12.
214
-453 (base 11) to base 14
-2aa
43134 (base 6) to base 7
23113
What is 29 (base 11) in base 9?
34
What is 245 (base 7) in base 12?
ab
Convert -2cb (base 14) to base 4.
-20323
Convert d6 (base 15) to base 12.
149
What is 18874 (base 11) in base 14?
9854
Convert -310201 (base 5) to base 2.
-10011101000011
What is -8b7 (base 16) in base 2?
-100010110111
What is 763 (base 9) in base 6?
2520
What is -12515 (base 7) in base 11?
-2570
Convert 1444 (base 15) to base 13.
1c8a
What is -20101 (base 6) in base 2?
-101001000101
What is 44000 (base 6) in base 4?
1132200
-24100 (base 5) to base 12
-103b
What is 6244 (base 9) in base 4?
1013200
96b (base 13) to base 7
4460
Convert 3a7 (base 12) to base 14.
2bd
5154 (base 6) to base 13
6a6
What is 1266 (base 8) in base 2?
1010110110
Convert 1011011101000 (base 2) to base 9.
8035
What is 10ff (base 16) in base 14?
182b
What is 32620 (base 7) in base 2?
10000000000101
What is 13321120 (base 4) in base 11?
22334
Convert -302100 (base 5) to base 14.
-3734
What is -22320 (base 4) in base 12?
-4a0
-1031022 (base 4) to base 6
-34510
Convert -27c (base 13) to base 3.
-121100
Convert -21f1 (base 16) to base 11.
-658a
516 (base 7) to base 3
100120
What is 1035 (base 6) in base 10?
239
What is -819 (base 12) in base 4?
-102111
What is 10012000 (base 3) in base 9?
3160
-103654 (base 7) to base 5
-1040134
Convert 1a8 (base 14) to base 2.
101011000
2406 (base 7) to base 16
378
Convert -2000 (base 7) to base 2.
-1010101110
Convert -10087 (base 9) to base 11.
-4a97
Convert -11101100111011 (base 2) to base 12.
-8937
50e0 (base 15) to base 14
6325
What is -2113020 (base 4) in base 12?
-5720
What is -831 (base 15) in base 6?
-12314
What is 3a4c (base 16) in base 2?
11101001001100
-4880 (base 13) to base 16
-2804
Convert 171473 (base 8) to base 11.
42867
What is 200101 (base 3) in base 7?
1306
Convert -22654 (base 14) to base 7.
-465434
Convert -125 (base 16) to base 8.
-445
Convert 9dbb (base 16) to base 5.
2243004
-114424 (base 6) to base 16
-2770
-50530 (base 6) to base 4
-1220112
Convert 103021 (base 4) to base 14.
637
What is -21460 (base 8) in base 10?
-9008
Convert -1c09 (base 14) to base 11.
-3921
-110011100111 (base 2) to base 12
-1ab3
-506 (base 13) to base 9
-1145
10100101001011 (base 2) to base 9
15445
Convert 101221 (base 3) to base 7.
601
Convert 21 (base 12) to base 15.
1a
What is 15aa (base 11) in base 16?
808
Convert 5070 (base 15) to base 9.
25256
Convert -78d (base 15) to base 7.
-4660
Convert 13620 (base 10) to base 3.
200200110
What is 2023 (base 5) in base 6?
1115
What is -2055 (base 10) in base 5?
-31210
Convert -265401 (base 7) to base 9.
-75440
-54401 (base 6) to base 13
-3541
What is -332 (base 13) in base 2?
-1000100100
What is -cc (base 13) in base 6?
-440
Convert 1a21 (base 11) to base 2.
101000000100
Convert -10512 (base 6) to base 15.
-68e
Convert -13114 (base 5) to base 12.
-722
What is 21000021 (base 3) in base 15?
17aa
Convert 3231 (base 4) to base 14.
12d
What is 202053 (base 6) in base 8?
37221
Convert -55 (base 8) to base 16.
-2d
What is -34560 (base 7) in base 16?
-229e
78e (base 15) to base 13
a16
8368 (base 9) to base 12
3675
-866 (base 10) to base 14
-45c
What is -110355 (base 6) in base 13?
-426b
Convert -451 (base 9) to base 14.
-1c6
Convert -360 (base 13) to base 10.
-585
What is 2120122102 (base 3) in base 2?
1100011001010011
Convert -4ab (base 15) to base 13.
-638
Convert 78a1 (base 11) to base 2.
10100010011100
What is 1000100202 (base 3) in base 13?
9104
-653 (base 8) to base 9
-524
22201211 (base 3) to base 11
4869
-401a (base 13) to base 15
-2926
What is 22020011 (base 3) in base 4?
1131232
Convert 65c (base 13) to base 9.
1442
-43a5 (base 11) to base 3
-21221220
What is 1322111 (base 4) in base 15?
24be
352 (base 12) to base 16
1ee
-5845 (base 10) to base 11
-4434
Convert -13410 (base 6) to base 15.
-949
-10412 (base 6) to base 12
-a08
Convert 1c88 (base 16) to base 15.
226e
Convert 24b6 (base 13) to base 16.
1463
959b (base 12) to base 7
65534
Convert 245 (base 12) to base 6.
1325
What is 220330 (base 4) in base 11?
1a72
What is -24001 (base 5) in base 4?
-123113
Convert -124108 (base 9) to base 7.
-432113
-445 (base 14) to base 5
-11340
Convert 5461 (base 7) to base 15.
8a4
Convert 1020334 (base 5) to base 7.
100321
Convert 10012201 (base 3) to base 10.
2341
-4234 (base 6) to base 5
-12313
Convert 1e8 (base 16) to base 9.
602
Convert 2012002 (base 3) to base 16.
63b
-53 (base 15) to base 2
-1001110
434 (base 14) to base 2
1100111110
-10347 (base 15) to base 4
-30202213
-2a745 (base 11) to base 15
-cd43
110100010100 (base 2) to base 10
3348
Convert -274 (base 12) to base 8.
-570
-5a6 (base 11) to base 14
-397
Convert 797 (base 12) to base 11.
931
-1001101101001101 (base 2) to base 9
-60474
-397a (base 16) to base 6
-152042
1b8 (base 13) to base 14
18c
What is 4430 (base 6) in base 9?
1360
29673 (base 12) to base 13
20508
-158 (base 9) to base 15
-8e
1001010010011000 (base 2) to base 16
9498
Convert 2231 (base 9) to base 10.
1648
12607 (base 11) to base 13
8295
What is 118 (base 9) in base 7?
200
What is -28 (base 9) in base 14?
-1c
-1027 (base 12) to base 2
-11011011111
What is -7b8 (base 13) in base 10?
-1334
Convert -143551 (base 6) to base 15.
-4164
Convert -11042 (base 5) to base 10.
-772
-3274 (base 9) to base 15
-ab1
What is 100 (base 14) in base 10?
196
Convert -100110010 (base 2) to base 7.
-615
-30c4 (base 16) to base 3
-122010101
What is 211120121 (base 3) in base 13?
7651